t z = -48968 + 48972. Suppose 3*a = 4*n + 20, 2*n + 26 = 5*a - n. Calculate the highest common factor of z and a.
4
Let n = 175 - -130. Let a = n + -299. What is the highest common divisor of a and 6?
6
Let a be (2*397)/((-3)/(12 + 0)). Let p be (18/10)/(5 + a/640). Suppose 0 = -4*r + t - 3*t + 24, 12 = 2*r - 3*t. What is the highest common factor of p and r?
6
Suppose -4*j = x - 13 + 73, 2*j = -3*x - 130. Let o be 5/((25/(-5))/x). Let d be (-16)/o - 602/(-5). Calculate the greatest common divisor of d and 12.
12
Let a be -3 + 202 + ((-576)/(-16))/18. Calculate the greatest common factor of a and 33.
3
Let i(z) = 8*z**2 - 30 - 2*z**3 + 15*z + z**2 + 2 + 14*z**2. Let s be i(12). Calculate the greatest common factor of 200 and s.
8
Suppose 5*h + 130488 = 3*z + 410265, 4*z = -2*h + 111890. Calculate the highest common factor of h and 9.
9
Let z be 2/(-7) + 147146/413. What is the highest common factor of z and 1335?
89
Let h = 19932 - 10558. What is the greatest common factor of h and 109?
109
Let k be (10 - 9)*(1 - (2 - -4)). Let p = k - -15. Calculate the greatest common factor of p and 65.
5
Let y = 3 + -2. Let a = y + 5. Let o be (((-336)/30)/(-7))/(116/145). Calculate the greatest common divisor of o and a.
2
Let b(k) = -107*k + 2515. Let c be b(23). Calculate the greatest common factor of c and 1026.
54
Let q be (-4 + 2)*(4/1 + -5). Let u be (-3 - -3 - q)/(2/(-19)). Let m be (3 - 7)*(-38)/8. Calculate the greatest common divisor of m and u.
19
Let u = -20993 - -21034. What is the highest common factor of u and 2624?
41
Suppose 5498*k - 5515*k + 63546 = 0. What is the greatest common factor of 42 and k?
42
Suppose 2*z = 2*s - 104, -22*z + 25*z = 6. What is the greatest common factor of 804 and s?
6
Let i(b) = -b + 7. Let f be i(5). Let d be (-15)/9*(1 - 20/5) - 1. Let o be d - f - (4 + -7). What is the greatest common divisor of o and 40?
5
Let m be 38702/(-37)*(-3)/(-2). Let h = 2811 + m. What is the highest common factor of h and 46?
46
Suppose -2*i + 3*i + 2451 = -5*o, 1962 = -4*o - 2*i. Let j = 615 + o. Calculate the greatest common factor of j and 75.
25
Let x = 25 - 21. Suppose 0 = -4*z, -2*z + 9 = x*b - 3. Suppose 3*v - 49 - 12 = -2*d, -4*v + b*d = -53. Calculate the highest common divisor of 51 and v.
17
Let x be (-110 + (-15)/1)*(-34)/2. Calculate the greatest common factor of x and 34.
17
Let y = -18390 + 18410. What is the greatest common factor of y and 3170?
10
Suppose 2*l - 2 = -2*k, -3*k + 11 - 32 = -5*l. Suppose -l*c = 5*d - 35, 4*c - 51 - 19 = -2*d. Calculate the greatest common divisor of 700 and c.
20
Suppose 23*w - 15908 + 4339 = 0. Let v = w + -191. Calculate the highest common factor of v and 234.
78
Suppose 165*p - 997384 - 227741 = 0. Calculate the greatest common factor of 15 and p.
15
Let n(x) = -4*x**3 + 4*x**2 + 18*x - 9. Let p be n(5). Let f = p - -323. Calculate the greatest common divisor of 22 and f.
2
Suppose -g = -2*g + 84. Let i = 13272 - 13236. What is the highest common factor of i and g?
12
Let q(w) = -41*w**3 + 8*w**2 + 4*w - 3. Let v be q(-1). Let i be -3 + (-40)/(-12) - (-12586)/v. Calculate the greatest common divisor of i and 225.
75
Let a be 53/((-3180)/(-760))*24. What is the highest common factor of a and 6156?
76
Let v(c) be the first derivative of 29*c**4 - 2*c**3/3 + c + 9. Let u be v(1). Let q = 41 + -18. Calculate the greatest common factor of u and q.
23
Let l be 10972 + (-41)/4 + 2/8. Calculate the highest common divisor of l and 54.
54
Let l(s) = s**2 - 12*s - 61. Let x be l(16). Let i be 54*1/(x/4) + -2. Calculate the greatest common factor of i and 168.
14
Let j be -36*4/(-16) - (-91 + -10). Calculate the greatest common factor of 506 and j.
22
Let g(l) = -l**2 - 29*l + 91. Let p be g(-31). Suppose t - 308 = -2*n, -3*n = -2*t - p - 426. Calculate the highest common divisor of n and 36.
9
Let f = 6976 - 1864. Calculate the highest common factor of f and 9.
9
Let u = 2326 + -2222. What is the highest common factor of u and 468?
52
Let r = 76 - 55. Suppose 4*q - o - 475 = 0, -r*o = -5*q - 20*o + 594. What is the greatest common factor of 85 and q?
17
Let z be 71/((-4)/(-33 - -1)). Calculate the greatest common factor of 8 and z.
8
Let o be (171/(-2))/((-45)/18 + 2). Let y(h) = 88*h. Let i be y(1). Let a = -69 + i. Calculate the highest common divisor of o and a.
19
Suppose 6*a - 8*a = 16. Let f(q) be the second derivative of q**4/3 + 9*q**3/2 - 3*q**2 - 10*q. Let p be f(a). What is the greatest common factor of 136 and p?
34
Let t = -9110 + 9116. Calculate the greatest common divisor of t and 4998.
6
Let v = 19 - 11. Let l be 75/(-45) + (6/9)/1. Let k = 7 + l. Calculate the greatest common factor of v and k.
2
Suppose -3*x - 5*b + 1127 = 0, 2*b - 1521 = -3*x - 379. Let w be 25 - (4 - (7 + -4)). What is the greatest common factor of w and x?
24
Suppose -u + 632 = 2*p + u, 948 = 3*p - u. Let h = -265 + p. Calculate the greatest common factor of h and 17.
17
Suppose -14 = -24*i + 22*i. Suppose r - 23 = -k, 2*r + 91 = 4*k + i*r. What is the highest common factor of 12 and k?
12
Let f be 7 + 2*(-9)/9. Suppose -6 = -p + f. Calculate the highest common divisor of p and 407.
11
Let l be (-7 - -190) + 48/(-8). What is the highest common divisor of 6 and l?
3
Suppose 132*v - 31797 = 30*v + 20529. Calculate the greatest common divisor of v and 114.
57
Let v(f) be the second derivative of -f**5/10 + 7*f**3/6 + 11*f**2/2 - 25*f. Let s be v(-3). Calculate the greatest common divisor of 286 and s.
22
Let k be (-594)/(-39) + (-279)/1209. Calculate the highest common factor of k and 7200.
15
Let x = 241 - 233. Let l = 43 - x. What is the greatest common divisor of l and 245?
35
Let h(f) = -7*f - 1. Let u be h(-2). Let m(l) = -8*l + 133. Suppose 7*k + 20 - 125 = 0. Let w be m(k). What is the highest common factor of w and u?
13
Suppose 3*g = -14 + 2. Let m be 1062/126 + 0 + g/(-7). Let v(u) = -u**3 + 9*u**2 - 7*u - 5. Let h be v(8). What is the greatest common factor of m and h?
3
Let j be -10*((-2)/3 - (-608)/(-6)). Let y be (-4)/6*j/(-34). Let m(q) = q - 3. Let i be m(7). Calculate the greatest common factor of i and y.
4
Let x = 13 + -9. Suppose 2*t = 5*n - 880, 2*t + 704 = -0*n + x*n. What is the greatest common divisor of 11 and n?
11
Let q(z) = 11*z + 2*z - 61 - 7*z. Let p be q(9). Let k = p - -59. Calculate the greatest common divisor of 78 and k.
26
Let l(d) be the first derivative of d**3 + 13*d**2 - 37*d - 35. Let n be l(-16). What is the highest common factor of 63 and n?
63
Suppose 0 = j + 3*z - 149, -3*j + 5*z = 4*z - 427. What is the highest common factor of 8723 and j?
143
Suppose 0 = -57*m + 9*m - 7*m + 6380. Calculate the greatest common divisor of 3973 and m.
29
Let b = -394 - -409. Let j = -42 + 22. Let h be (33/(-22))/(2/j). Calculate the highest common factor of h and b.
15
Let v be 5*(-4 + (-3 - (-1 + -7))). Suppose -3*b = x - 61, -10*x + 9*x = v*b - 101. What is the greatest common factor of 30 and b?
10
Suppose 0 = -4166*r + 4167*r - 21. Calculate the greatest common factor of r and 1890.
21
Suppose 127 - 15 = -10*i + 592. What is the highest common factor of i and 516?
12
Let w(m) = 324*m**2 - 153*m + 468. Let y be w(3). What is the highest common divisor of y and 18?
9
Suppose -5 = b - 2*b. Let g be ((-36)/b)/((-14)/35). What is the greatest common divisor of g and 6?
6
Suppose -3*p + 4048 = 3*t - 4*p, 0 = -4*t - 3*p + 5393. What is the highest common factor of 142 and t?
71
Let g = 4 + -41. Let l = -40 - g. Let m(n) = -5*n + 1. Let b be m(l). Calculate the greatest common divisor of 56 and b.
8
Suppose -43*v = -379*v + 72240. Calculate the highest common divisor of v and 205.
5
Suppose -162*s + 167*s - 38 = 3*r, 4*r = -4. What is the greatest common factor of 3969 and s?
7
Let l = -32736 + 33230. Calculate the greatest common divisor of l and 760.
38
Let p(f) = -f**3 + 8*f**2 + 7*f + 22. Let o be p(9). Suppose 0 = 12*g - o*g - 1632. What is the highest common factor of g and 12?
12
Let b be (-12)/18 + (-28)/(-6). Suppose 55*y - 72*y + 187 = 0. Let n be (2 - 54/b)/(y/(-44)). Calculate the greatest common factor of n and 46.
46
Let o be -1 - -2*(-12)/(-8). Suppose 3*t = -2*x - x + 63, t + 42 = o*x. Suppose 6*k - 91 = 95 + 318. What is the greatest common divisor of x and k?
21
